 of 1435.
5, 7, 41
List the prime factors of 3966.
2, 3, 661
List the prime factors of 1316.
2, 7, 47
List the prime factors of 69308.
2, 17327
List the prime factors of 187941.
3, 13, 61, 79
What are the prime factors of 3338?
2, 1669
List the prime factors of 2418.
2, 3, 13, 31
List the prime factors of 4218.
2, 3, 19, 37
List the prime factors of 32725.
5, 7, 11, 17
List the prime factors of 40375.
5, 17, 19
List the prime factors of 1068.
2, 3, 89
What are the prime factors of 935?
5, 11, 17
What are the prime factors of 71303?
113, 631
List the prime factors of 750.
2, 3, 5
What are the prime factors of 3680?
2, 5, 23
What are the prime factors of 202?
2, 101
What are the prime factors of 53615?
5, 10723
What are the prime factors of 46188?
2, 3, 1283
List the prime factors of 10898.
2, 5449
List the prime factors of 2256.
2, 3, 47
What are the prime factors of 4556?
2, 17, 67
What are the prime factors of 20978?
2, 17, 617
List the prime factors of 79738.
2, 39869
List the prime factors of 20550.
2, 3, 5, 137
List the prime factors of 1190.
2, 5, 7, 17
What are the prime factors of 4997?
19, 263
What are the prime factors of 99914?
2, 49957
What are the prime factors of 2321?
11, 211
List the prime factors of 5380.
2, 5, 269
What are the prime factors of 937?
937
List the prime factors of 23225.
5, 929
List the prime factors of 97713.
3, 7, 11, 47
What are the prime factors of 2469?
3, 823
List the prime factors of 11820.
2, 3, 5, 197
What are the prime factors of 19163?
19163
List the prime factors of 16719.
3, 5573
List the prime factors of 838.
2, 419
List the prime factors of 15720.
2, 3, 5, 131
What are the prime factors of 2473?
2473
List the prime factors of 13145.
5, 11, 239
What are the prime factors of 60309?
3, 6701
List the prime factors of 13474.
2, 6737
What are the prime factors of 1685?
5, 337
List the prime factors of 963.
3, 107
What are the prime factors of 995?
5, 199
What are the prime factors of 4564?
2, 7, 163
What are the prime factors of 132706?
2, 7, 9479
What are the prime factors of 4901?
13, 29
List the prime factors of 291.
3, 97
What are the prime factors of 1494?
2, 3, 83
List the prime factors of 35296.
2, 1103
What are the prime factors of 6941?
11, 631
List the prime factors of 27248.
2, 13, 131
List the prime factors of 81913.
13, 6301
List the prime factors of 29219.
61, 479
What are the prime factors of 69?
3, 23
List the prime factors of 4168.
2, 521
What are the prime factors of 9292?
2, 23, 101
What are the prime factors of 52968?
2, 3, 2207
What are the prime factors of 1349?
19, 71
What are the prime factors of 8115?
3, 5, 541
List the prime factors of 4931.
4931
List the prime factors of 2274.
2, 3, 379
What are the prime factors of 54335?
5, 10867
List the prime factors of 3696.
2, 3, 7, 11
List the prime factors of 28511.
7, 4073
List the prime factors of 2226.
2, 3, 7, 53
List the prime factors of 23400.
2, 3, 5, 13
List the prime factors of 3590.
2, 5, 359
List the prime factors of 1093.
1093
List the prime factors of 13184.
2, 103
What are the prime factors of 56044?
2, 14011
List the prime factors of 8700.
2, 3, 5, 29
What are the prime factors of 1475?
5, 59
List the prime factors of 1152.
2, 3
What are the prime factors of 143745?
3, 5, 7, 37
List the prime factors of 514.
2, 257
List the prime factors of 7626.
2, 3, 31, 41
What are the prime factors of 187555?
5, 37511
What are the prime factors of 61151?
61151
What are the prime factors of 118?
2, 59
List the prime factors of 12475.
5, 499
List the prime factors of 1315.
5, 263
What are the prime factors of 7?
7
What are the prime factors of 2041?
13, 157
What are the prime factors of 65682?
2, 3, 41, 89
List the prime factors of 2761.
11, 251
List the prime factors of 13971.
3, 4657
List the prime factors of 88557.
3, 7, 4217
List the prime factors of 8312.
2, 1039
What are the prime factors of 12769?
113
What are the prime factors of 2881?
43, 67
List the prime factors of 15955.
5, 3191
What are the prime factors of 3465?
3, 5, 7, 11
List the prime factors of 7286.
2, 3643
List the prime factors of 4028.
2, 19, 53
List the prime factors of 16216.
2, 2027
List the prime factors of 1530.
2, 3, 5, 17
List the prime factors of 143202.
2, 3, 29, 823
List the prime factors of 81198.
2, 3, 13, 347
List the prime factors of 2232.
2, 3, 31
List the prime factors of 70168.
2, 7, 179
List the prime factors of 3390.
2, 3, 5, 113
List the prime factors of 542.
2, 271
What are the prime factors of 918?
2, 3, 17
List the prime factors of 17243.
43, 401
What are the prime factors of 34104?
2, 3, 7, 29
List the prime factors of 1543.
1543
List the prime factors of 14957.
14957
What are the prime factors of 5880?
2, 3, 5, 7
What are the prime factors of 49433?
49433
What are the prime factors of 23535?
3, 5, 523
List the prime factors of 518.
2, 7, 37
What are the prime factors of 106189?
106189
List the prime factors of 8880.
2, 3, 5, 37
List the prime factors of 12013.
41, 293
What are the prime factors of 27362?
2, 13681
List the prime factors of 48219.
3, 16073
What are the prime factors of 2699?
2699
List the prime factors of 1974.
2, 3, 7, 47
List the prime factors of 132229.
132229
List the prime factors of 2817.
3, 313
What are the prime factors of 575?
5, 23
List the prime factors of 203456.
2, 11, 17
What are the prime factors of 7455?
3, 5, 7, 71
What are the prime factors of 77531?
31, 41, 61
List the prime factors of 1960.
2, 5, 7
What are the prime factors of 4461?
3, 1487
List the prime factors of 195.
3, 5, 13
List the prime factors of 710.
2, 5, 71
List the prime factors of 2253.
3, 751
What are the prime factors of 373?
373
List the prime factors of 5000.
2, 5
List the prime factors of 1474.
2, 11, 67
List the prime factors of 51903.
3, 73, 79
What are the prime factors of 38535?
3, 5, 7, 367
List the prime factors of 22424.
2, 2803
List the prime factors of 731.
17, 43
List the prime factors of 328.
2, 41
What are the prime factors of 23910?
2, 3, 5, 797
List the prime factors of 2365.
5, 11, 43
List the prime factors of 54564.
2, 3, 4547
List the prime factors of 1817.
23, 79
What are the prime factors of 448?
2, 7
What are the prime factors of 1212?
2, 3, 101
List the prime factors of 1112.
2, 139
List the prime factors of 3460.
2, 5, 173
List the prime factors of 33426.
2, 3, 619
What are the prime factors of 63359?
17, 3727
What are the prime factors of 28294?
2, 7, 43, 47
What are the prime factors of 24769?
17, 31, 47
What are the prime factors of 2477?
2477
List the prime factors of 41782.
2, 13, 1607
What are the prime factors of 119553?
3, 7, 5693
List the prime factors of 601.
601
List the prime factors of 1242.
2, 3, 23
What are the prime factors of 823?
823
List the prime factors of 2836.
2, 709
List the prime factors of 48169.
11, 29, 151
What are the prime factors of 1866?
2, 3, 311
List the prime factors of 15347.
103, 149
List the prime factors of 1078.
2, 7, 11
What are the prime factors of 9869?
71, 139
List the prime factors of 36499.
17, 19, 113
List the prime factors of 2831.
19, 149
List the prime factors of 3259.
3259
What are the prime factors of 3697?
3697
What are the prime factors of 5610?
2, 3, 5, 11, 17
What are the prime factors of 467?
467
What are the prime factors of 859?
859
List the prime factors of 1147.
31, 37
What are the prime factors of 14073?
3, 4691
List the prime factors of 54.
2, 3
What are the prime factors of 44?
2, 11
What are the prime factors of 47701?
47701
What are the prime factors of 1091?
1091
List the prime factors of 5035.
5, 19, 53
List the prime factors of 2484.
2, 3, 23
List the prime factors of 1665.
3, 5, 37
List the prime factors of 7991.
61, 131
What are the prime factors of 1421?
7, 29
List the prime factors of 20247.
3, 17, 397
List the prime factors of 954.
2, 3, 53
What are the prime factors of 16854?
2, 3, 53
What are the prime factors of 13719?
3, 17, 269
List the prime factors of 1242.
2, 3, 23
What are the prime factors of 64538?
2, 23, 61
List the prime factors of 31446.
2, 3, 1747
What are the prime factors of 8?
2
List the prime factors of 45940.
2, 5, 2297
List the prime factors of 1528.
2, 191
List the prime factors of 470.
2, 5, 47
List the prime fact